{"id":24,"date":"2025-04-20T16:11:58","date_gmt":"2025-04-20T16:11:58","guid":{"rendered":"https:\/\/quizzical-morse.107-191-47-39.plesk.page\/?page_id=24"},"modified":"2026-01-19T08:38:37","modified_gmt":"2026-01-19T08:38:37","slug":"page-dacceuil","status":"publish","type":"page","link":"https:\/\/www.millenium.mu\/","title":{"rendered":"Page d&rsquo;acceuil"},"content":{"rendered":"<div id=\"pl-24\"  class=\"panel-layout\" ><div id=\"pg-24-0\"  class=\"panel-grid panel-no-style\" ><div id=\"pgc-24-0-0\"  class=\"panel-grid-cell\" ><div id=\"panel-24-0-0-0\" class=\"so-panel widget widget_circleicon-widget panel-first-child panel-last-child\" data-index=\"0\" >\t\t<div class=\"circle-icon-box circle-icon-position-top circle-icon-hide-box circle-icon-size-medium \">\n\t\t\t\t\t\t\t<div class=\"circle-icon-wrapper\">\n\t\t\t\t\t\t\t\t\t\t<div class=\"circle-icon icon-style-set\" style=\"background-color: #81c440\">\n\t\t\t\t\t\t\t\t\t\t\t\t\t<div class=\"fa fa-pencil-square\" ><\/div>\n\t\t\t\t\t\t\t\t\t\t\t<\/div>\n\t\t\t\t\t\t\t\t\t<\/div>\n\t\t\t\n\t\t\t\t\t\t\t\t\t\t<h4 >\n\t\t\t\t\tPartenariat comptable et fiscal\t\t\t\t<\/h4>\n\t\t\t\t\t\t\n\t\t\t\t\t\t\t<p class=\"text\" >Nos sp\u00e9cialistes assurent la gestion compl\u00e8te ou partielle de vos op\u00e9rations comptables via vos plateformes habituelles (Cegid Quadra, Fulll, Pennylane, Sage, ACD, etc.). Depuis la saisie comptable jusqu'au contr\u00f4le final et l'\u00e9tablissement des documents fiscaux, incluant les diff\u00e9rentes d\u00e9clarations (TVA, IS, CFE, etc.) ainsi que la cl\u00f4ture annuelle, notre \u00e9quipe garantit un suivi m\u00e9ticuleux et harmonieux de votre comptabilit\u00e9.<\/p>\n\t\t\t\t\t\t\t\t\t\t<a\n\t\t\t\t\thref=\"index.php\/externalisation-comptable\"\n\t\t\t\t\tclass=\"more-button\"\n\t\t\t\t\t\t\t\t\t\t\t\t\t\t>\n\t\t\t\t\tEn savoir plus <i><\/i>\n\t\t\t\t<\/a>\n\t\t\t\t\t<\/div>\n\t\t<\/div><\/div><div id=\"pgc-24-0-1\"  class=\"panel-grid-cell\" ><div id=\"panel-24-0-1-0\" class=\"so-panel widget widget_circleicon-widget panel-first-child panel-last-child\" data-index=\"1\" >\t\t<div class=\"circle-icon-box circle-icon-position-top circle-icon-hide-box circle-icon-size-medium \">\n\t\t\t\t\t\t\t<div class=\"circle-icon-wrapper\">\n\t\t\t\t\t\t\t\t\t\t<div class=\"circle-icon icon-style-set\" style=\"background-color: #81c440\">\n\t\t\t\t\t\t\t\t\t\t\t\t\t<div class=\"fa fa-briefcase\" ><\/div>\n\t\t\t\t\t\t\t\t\t\t\t<\/div>\n\t\t\t\t\t\t\t\t\t<\/div>\n\t\t\t\n\t\t\t\t\t\t\t\t\t\t<h4 >\n\t\t\t\t\tVotre alli\u00e9 administratif pour les ressources humaines\t\t\t\t<\/h4>\n\t\t\t\t\t\t\n\t\t\t\t\t\t\t<p class=\"text\" >D\u00e9l\u00e9guez-nous l'administration int\u00e9grale de vos ressources humaines : d\u00e9clarations pr\u00e9alables \u00e0 l'embauche, fiches de salaire, d\u00e9clarations sociales nominatives, rattachements aux organismes sociaux, r\u00e9daction contractuelle et documentation obligatoire. Une approche efficace, s\u00e9curis\u00e9e et r\u00e9glementaire pour g\u00e9rer en toute tranquillit\u00e9 vos responsabilit\u00e9s sociales.<\/p>\n\t\t\t\t\t\t\t\t\t\t<a\n\t\t\t\t\thref=\"\/index.php\/paie-et-social\"\n\t\t\t\t\tclass=\"more-button\"\n\t\t\t\t\t\t\t\t\t\t\t\t\t\t>\n\t\t\t\t\tEn savoir plus <i><\/i>\n\t\t\t\t<\/a>\n\t\t\t\t\t<\/div>\n\t\t<\/div><\/div><\/div><div id=\"pg-24-1\"  class=\"panel-grid panel-no-style\" ><div id=\"pgc-24-1-0\"  class=\"panel-grid-cell\" ><div id=\"panel-24-1-0-0\" class=\"so-panel widget widget_circleicon-widget panel-first-child panel-last-child\" data-index=\"2\" >\t\t<div class=\"circle-icon-box circle-icon-position-top circle-icon-hide-box circle-icon-size-medium \">\n\t\t\t\t\t\t\t<div class=\"circle-icon-wrapper\">\n\t\t\t\t\t\t\t\t\t\t<div class=\"circle-icon icon-style-set\" style=\"background-color: #81c440\">\n\t\t\t\t\t\t\t\t\t\t\t\t\t<div class=\"fa fa-folder\" ><\/div>\n\t\t\t\t\t\t\t\t\t\t\t<\/div>\n\t\t\t\t\t\t\t\t\t<\/div>\n\t\t\t\n\t\t\t\t\t\t\t\t\t\t<h4 >\n\t\t\t\t\tExternalisation de t\u00e2ches juridiques\t\t\t\t<\/h4>\n\t\t\t\t\t\t\n\t\t\t\t\t\t\t<p class=\"text\" >Optimisez votre efficacit\u00e9 gr\u00e2ce \u00e0 notre support en droit des affaires : administration juridique, modifications statutaires concernant le si\u00e8ge social ou la direction, transferts de parts sociales, accords entre associ\u00e9s et formalit\u00e9s de publication des \u00e9tats financiers. Une prestation dynamique, fiabilis\u00e9e et en conformit\u00e9 avec la r\u00e9glementation.<\/p>\n\t\t\t\t\t\t\t\t\t\t<a\n\t\t\t\t\thref=\"\/index.php\/assistance-juridique\"\n\t\t\t\t\tclass=\"more-button\"\n\t\t\t\t\t\t\t\t\t\t\t\t\t\t>\n\t\t\t\t\tEn savoir plus <i><\/i>\n\t\t\t\t<\/a>\n\t\t\t\t\t<\/div>\n\t\t<\/div><\/div><div id=\"pgc-24-1-1\"  class=\"panel-grid-cell\" ><div id=\"panel-24-1-1-0\" class=\"so-panel widget widget_circleicon-widget panel-first-child panel-last-child\" data-index=\"3\" >\t\t<div class=\"circle-icon-box circle-icon-position-top circle-icon-hide-box circle-icon-size-medium \">\n\t\t\t\t\t\t\t<div class=\"circle-icon-wrapper\">\n\t\t\t\t\t\t\t\t\t\t<div class=\"circle-icon icon-style-set\" style=\"background-color: #81c440\">\n\t\t\t\t\t\t\t\t\t\t\t\t\t<div class=\"fa fa-laptop\" ><\/div>\n\t\t\t\t\t\t\t\t\t\t\t<\/div>\n\t\t\t\t\t\t\t\t\t<\/div>\n\t\t\t\n\t\t\t\t\t\t\t\t\t\t<h4 >\n\t\t\t\t\tPartenaire des PME et des g\u00e9rants\t\t\t\t<\/h4>\n\t\t\t\t\t\t\n\t\t\t\t\t\t\t<p class=\"text\" >Nous vous accompagnons dans la gestion administrative courante de votre entreprise : suivi et recouvrement de vos cr\u00e9ances clients, relances amiables, n\u00e9gociation d'\u00e9ch\u00e9anciers, gestion des impay\u00e9s et contentieux simples. Notre \u00e9quipe prend \u00e9galement en charge vos formalit\u00e9s administratives r\u00e9currentes, la correspondance avec les organismes officiels, le suivi de vos obligations d\u00e9claratives et la r\u00e9solution des probl\u00e9matiques comptables du quotidien. Un support op\u00e9rationnel qui vous lib\u00e8re du temps pour vous concentrer sur le d\u00e9veloppement de votre activit\u00e9.<\/p>\n\t\t\t\t\t\t\t\t\t\t<a\n\t\t\t\t\thref=\"\/index.php\/partenaire-administratif\/\"\n\t\t\t\t\tclass=\"more-button\"\n\t\t\t\t\t\t\t\t\t\t\t\t\t\t>\n\t\t\t\t\tEn savoir plus <i><\/i>\n\t\t\t\t<\/a>\n\t\t\t\t\t<\/div>\n\t\t<\/div><\/div><div id=\"pgc-24-1-2\"  class=\"panel-grid-cell\" ><div id=\"panel-24-1-2-0\" class=\"so-panel widget widget_circleicon-widget panel-first-child panel-last-child\" data-index=\"4\" >\t\t<div class=\"circle-icon-box circle-icon-position-top circle-icon-hide-box circle-icon-size-medium \">\n\t\t\t\t\t\t\t<div class=\"circle-icon-wrapper\">\n\t\t\t\t\t\t\t\t\t\t<div class=\"circle-icon icon-style-set\" style=\"background-color: #81c440\">\n\t\t\t\t\t\t\t\t\t\t\t\t\t<div class=\"fa fa-building-o\" ><\/div>\n\t\t\t\t\t\t\t\t\t\t\t<\/div>\n\t\t\t\t\t\t\t\t\t<\/div>\n\t\t\t\n\t\t\t\t\t\t\t\t\t\t<h4 >\n\t\t\t\t\tLa gestion immobili\u00e8re simplifi\u00e9e\t\t\t\t<\/h4>\n\t\t\t\t\t\t\n\t\t\t\t\t\t\t<p class=\"text\" >Profitez d'un service comptable global d\u00e9di\u00e9 \u00e0 l'immobilier : ventilation des co\u00fbts de copropri\u00e9t\u00e9, proc\u00e9dures de r\u00e9cup\u00e9ration, services vari\u00e9s et conseil sp\u00e9cialis\u00e9 pour les activit\u00e9s de location meubl\u00e9e qu'elle soit exerc\u00e9e \u00e0 titre professionnel (LMP) ou non professionnel (LMNP). Une offre exhaustive et adaptable, con\u00e7ue pour les gestionnaires d'immeubles et les propri\u00e9taires bailleurs.<\/p>\n\t\t\t\t\t\t\t\t\t\t<a\n\t\t\t\t\thref=\"\/index.php\/coproprietes-et-lmnp\/\"\n\t\t\t\t\tclass=\"more-button\"\n\t\t\t\t\t\t\t\t\t\t\t\t\t\t>\n\t\t\t\t\tEn savoir plus <i><\/i>\n\t\t\t\t<\/a>\n\t\t\t\t\t<\/div>\n\t\t<\/div><\/div><\/div><div id=\"pg-24-2\"  class=\"panel-grid panel-has-style\" ><div class=\"wide-grey panel-row-style panel-row-style-for-24-2\" ><div id=\"pgc-24-2-0\"  class=\"panel-grid-cell\" ><div id=\"panel-24-2-0-0\" class=\"so-panel widget widget_headline-widget panel-first-child panel-last-child\" data-index=\"5\" >\t\t<h1>All\u00e9gez votre charge administrative - recentrez-vous sur votre m\u00e9tier<\/h1>\n\t\t<div class=\"decoration\"><div class=\"decoration-inside\"><\/div><\/div>\n\t\t<h3>La d\u00e9l\u00e9gation de gestion n'est plus un privil\u00e8ge : gr\u00e2ce aux nouvelles technologies cloud s\u00e9curis\u00e9es, elle devient une approche accessible, efficace et \u00e9conomique, pilot\u00e9e par des professionnels exp\u00e9riment\u00e9s en expertise comptable et administration du personnel. Comptables experts, d\u00e9partements financiers, \u00e9quipes administratives, nous convertissons vos contraintes r\u00e9glementaires en tranquillit\u00e9 d'esprit... avec en prime la douceur m\u00e9diterran\u00e9enne ! Avec Millenium Outsourcing, vous acc\u00e9dez \u00e9galement \u00e0 des modalit\u00e9s de r\u00e8glement flexibles, particuli\u00e8rement pour les interventions ponctuelles, avec la possibilit\u00e9 de fractionner vos paiements par carte sans surco\u00fbt. Une strat\u00e9gie judicieuse pour pr\u00e9server votre cash-flow, sp\u00e9cialement lors du lancement de votre activit\u00e9 ou en p\u00e9riode de tension financi\u00e8re.<\/h3>\n\t\t<\/div><\/div><\/div><\/div><div id=\"pg-24-3\"  class=\"panel-grid panel-no-style\" ><div id=\"pgc-24-3-0\"  class=\"panel-grid-cell\" >\n\t\t<div id=\"panel-24-3-0-0\" class=\"so-panel widget widget_recent-posts widget_recent_entries panel-first-child panel-last-child\" data-index=\"6\" >\n\t\t<h3 class=\"widget-title\">Nos derniers articles<\/h3>\n\t\t<ul>\n\t\t\t\t\t\t\t\t\t\t\t<li>\n\t\t\t\t\t<a href=\"https:\/\/www.millenium.mu\/index.php\/2025\/06\/07\/tva-dans-lue-les-obligations-des-e-commercants-en-2025\/\">TVA dans l\u2019UE : les obligations des e-commer\u00e7ants en 2025<\/a>\n\t\t\t\t\t\t\t\t\t<\/li>\n\t\t\t\t\t\t\t\t\t\t\t<li>\n\t\t\t\t\t<a href=\"https:\/\/www.millenium.mu\/index.php\/2025\/06\/07\/les-dates-fiscales-a-retenir-en-2025\/\">Les dates fiscales \u00e0 retenir en 2025<\/a>\n\t\t\t\t\t\t\t\t\t<\/li>\n\t\t\t\t\t<\/ul>\n\n\t\t<\/div><\/div><div id=\"pgc-24-3-1\"  class=\"panel-grid-cell\" ><div id=\"panel-24-3-1-0\" class=\"so-panel widget widget_text panel-first-child panel-last-child\" data-index=\"7\" ><h3 class=\"widget-title\">Millenium Outsourcing<\/h3>\t\t\t<div class=\"textwidget\"><p>Partenaire administratif, comptable et juridique des PME, des cabinets comptables et de toutes les structures l\u00e9gales en France<\/p>\n<p><strong>Nos partenaires<\/strong><\/p>\n<p><a href=\"https:\/\/www.best-extern.fr\/\"><img loading=\"lazy\" decoding=\"async\" class=\"alignnone wp-image-166\" src=\"https:\/\/www.millenium.mu\/wp-content\/uploads\/2025\/06\/be-logo-1.png\" alt=\"\" width=\"167\" height=\"43\" srcset=\"https:\/\/www.millenium.mu\/wp-content\/uploads\/2025\/06\/be-logo-1.png 350w, https:\/\/www.millenium.mu\/wp-content\/uploads\/2025\/06\/be-logo-1-300x77.png 300w\" sizes=\"auto, (max-width: 167px) 100vw, 167px\" \/><\/a><img \/><\/p>\n<\/div>\n\t\t<\/div><\/div><\/div><\/div>","protected":false},"excerpt":{"rendered":"<p>Partenariat comptable et fiscal Nos sp\u00e9cialistes assurent la gestion compl\u00e8te ou partielle de vos op\u00e9rations comptables via vos plateformes habituelles (Cegid Quadra, Fulll, Pennylane, Sage, ACD, etc.). Depuis la saisie comptable jusqu&rsquo;au contr\u00f4le final et l&rsquo;\u00e9tablissement des documents fiscaux, incluant les diff\u00e9rentes d\u00e9clarations (TVA, IS, CFE, etc.) ainsi que la cl\u00f4ture annuelle, notre \u00e9quipe garantit [&hellip;]<\/p>\n","protected":false},"author":1,"featured_media":0,"parent":0,"menu_order":0,"comment_status":"closed","ping_status":"closed","template":"home-panels.php","meta":{"footnotes":""},"class_list":["post-24","page","type-page","status-publish","hentry","post"],"_links":{"self":[{"href":"https:\/\/www.millenium.mu\/index.php\/wp-json\/wp\/v2\/pages\/24","targetHints":{"allow":["GET"]}}],"collection":[{"href":"https:\/\/www.millenium.mu\/index.php\/wp-json\/wp\/v2\/pages"}],"about":[{"href":"https:\/\/www.millenium.mu\/index.php\/wp-json\/wp\/v2\/types\/page"}],"author":[{"embeddable":true,"href":"https:\/\/www.millenium.mu\/index.php\/wp-json\/wp\/v2\/users\/1"}],"replies":[{"embeddable":true,"href":"https:\/\/www.millenium.mu\/index.php\/wp-json\/wp\/v2\/comments?post=24"}],"version-history":[{"count":2,"href":"https:\/\/www.millenium.mu\/index.php\/wp-json\/wp\/v2\/pages\/24\/revisions"}],"predecessor-version":[{"id":29,"href":"https:\/\/www.millenium.mu\/index.php\/wp-json\/wp\/v2\/pages\/24\/revisions\/29"}],"wp:attachment":[{"href":"https:\/\/www.millenium.mu\/index.php\/wp-json\/wp\/v2\/media?parent=24"}],"curies":[{"name":"wp","href":"https:\/\/api.w.org\/{rel}","templated":true}]}}